 derivative of a(i). Determine z(0).
14
Let t(o) be the first derivative of -o**3/3 + 7*o**2 + o - 4311. Determine t(15).
-14
Let t(d) = 7*d + 1. Let q(k) be the first derivative of -4*k**2 + 229*k - 132. Let s be q(29). Calculate t(s).
-20
Let s = -72 + 71. Let x(q) = -q. Let o(c) = -2*c - 1. Let p(n) = s*x(n) + o(n). What is p(1)?
-2
Let l(z) be the third derivative of z**6/120 - 19*z**5/60 - 5*z**4/8 + 13*z**3/6 - z**2 + 5200. Give l(20).
113
Suppose -5*w - 35 = 5*n, -n = 3*w - 7 + 10. Let g(m) = -2*m**2 - 4*m + 2. Let b(i) = i**2 + i - 1. Let j(r) = -6*b(r) - 2*g(r). Give j(w).
-2
Let h be 51/(-36)*3*(8 + -19 - -7). Let f(d) = d**3 - 18*d**2 + 20*d - 29. What is f(h)?
22
Let y(d) be the third derivative of d**4/12 + d**3/3 + 57*d**2. Let r = -70 - -61. Calculate y(r).
-16
Suppose -1516*z + 708 = -1693*z. Let a(g) = 1 - 7 + 0*g - 5*g. Calculate a(z).
14
Let h = 3 - -1. Let s = 1774 - 1777. Let t(p) = -3*p**2 + 3*p + 4. Let k(y) = -2*y**2 + 2*y + 3. Let l(x) = h*k(x) + s*t(x). Calculate l(1).
0
Suppose 262*y + 111 = 11*y - 140. Let u(h) = -6*h**2 - h**2 - h - 1 + 0*h. Determine u(y).
-7
Suppose 3*f - 2*f = 0. Suppose f = 5*q - 3*q - 8. Let j(l) be the first derivative of -3*l**2 + 5*l - 3297. Calculate j(q).
-19
Let o(j) = -7*j + 45. Let m(g) = -41*g + 219. Let y(h) = -2*m(h) + 11*o(h). Calculate y(-20).
-43
Let y(g) = g**3 + g**2 + 2*g - 236. Let m be y(0). Let b = m + 232. Let d(w) = -8*w - 2. Determine d(b).
30
Suppose -3*w = 4*r - 676, w + 73 = -r + 300. Let a = w + -243. Let q(i) = -i - 6. Give q(a).
5
Let s(u) be the third derivative of -u**6/120 - 7*u**5/60 - u**4/12 + 13*u**3/3 - u**2 + 722*u. Determine s(-6).
2
Let u(q) = 56*q**2 - 574*q + 21. Let n(j) = 38*j**2 - 383*j + 13. Let f(i) = -8*n(i) + 5*u(i). Give f(8).
17
Let m(c) = -c**2 - 7*c - 4. Let a(l) = l. Suppose 0 = -3*w + 6*k - 9*k - 3, -w - 3*k + 9 = 0. Let x(b) = w*a(b) - m(b). What is x(-4)?
16
Suppose -2*s = -2, 5*b - 1104 = -2*s + 3*s. Let t(p) = 8 - 666*p + b*p + 226*p + 217*p. Give t(0).
8
Let m(v) be the third derivative of 0*v - 1/60*v**5 - v**2 + 7/6*v**3 - 32 - 5/24*v**4. Determine m(-7).
-7
Let y(t) = -2*t**2 - 68*t - 257. Let i be y(-4). Let h(f) = -3*f + 7. Calculate h(i).
58
Let g(s) = 3*s**3 - 3*s**2 + 32*s + 2. Let d(y) = -y**3 + 2*y**2 - 11*y - 1. Let n(w) = -8*d(w) - 3*g(w). Determine n(-6).
14
Let v(g) = -8*g - 3. Let s(d) = 24*d + 9. Let q(p) = 6*s(p) + 17*v(p). Let c be 40/(-28)*7*(-1 - 0). Let m = c + -12. Calculate q(m).
-13
Let f(n) = -11*n**2 - 7*n + 8. Let b(i) = 15 + 28*i + 28*i - 70*i - 20*i**2. Let c(l) = 6*b(l) - 11*f(l). Let v be (12/10)/((-1)/(-5)). What is c(v)?
-4
Let l(i) = -180*i - 56 - 173*i + i**2 + 328*i + 170. Give l(18).
-12
Let k(a) be the first derivative of -a**4/4 + 7*a**3/3 - a**2 + 14*a - 83. Give k(7).
0
Suppose 7*r + 8 = 141. Suppose -r*j + 28*j = 0. Let w(h) = -2*h + 2. What is w(j)?
2
Let n(g) be the first derivative of -3*g**2 - 10*g - 4. Let w(y) be the first derivative of -5*y**2/2 - 9*y - 46. Let b(p) = -4*n(p) + 5*w(p). Determine b(-4).
-1
Suppose 0 = 17*c + 18 - 69. Suppose -c*p = -5*t + 30, -24*t + 25*t = 5*p + 28. Let w(h) = h**2 + 7*h + 2. Determine w(p).
-8
Let i be 4/10 - (13/(-5) - 1). Suppose 4 = 3*a - 6*a + d, 4*a + 8 = i*d. Let p be ((2 - -1) + -2)/a - -4. Let y(u) = -u + 6. Determine y(p).
3
Let r(n) = 2*n**3 - 2*n**2 + n. Let i be (-1)/(-5*3/105). Let l(z) = 9. Let b(d) = -d - 1. Let h(f) = b(f) + l(f). Let m be h(i). Determine r(m).
1
Let p(o) = o**3 - 13*o**2 + 2*o - 30. Let x be p(12). Let g = 140 + x. Let y(r) = -r**2 - 12*r - 15. Determine y(g).
5
Suppose 8*u - u - 14 = 0. Let v(x) = 25*x**2 - 9*x**2 - 5 - 15*x**u + 7*x + x. Give v(-9).
4
Let p(f) = -f - 1. Suppose 60 = 5*u - 0*u. Suppose 0 = -5*w - w - u. Let q be (15/(-6))/(1/w). Calculate p(q).
-6
Let l(j) be the third derivative of -j**6/120 + 7*j**5/60 - 5*j**4/6 + 26*j**3/3 + 2*j**2 + 2914*j. Calculate l(5).
2
Let b(f) = 6*f - 51. Let k = 1532 + -1526. What is b(k)?
-15
Suppose 0 = 22*l - 91*y + 94*y - 134, 5*y = l + 35. Let p(x) = -25*x + 9. Calculate p(l).
-116
Let n(s) be the first derivative of 2*s**4 - 2*s**3/3 + s - 998. Give n(1).
7
Let t = -391 + 397. Let f be (-3)/(-12)*4 + 1 + 1. Let m(l) = 4*l + f - 37*l**2 + 3 + 36*l**2. Determine m(t).
-6
Let c(u) be the first derivative of u**4/4 - u**2/2 + 12*u + 74. Suppose -5*q = 4*i - 7*i + 25, -4*q = 20. Suppose 0 = -3*r - i*r. Determine c(r).
12
Let z(b) be the third derivative of -b**6/120 + 23*b**5/60 - b**4/4 + 47*b**3/3 + 5290*b**2. Give z(23).
-44
Let j = -1 - -7. Suppose 0 = -w - j + 2. Let h(z) = 36*z + 716357 - 35*z - 716352. Determine h(w).
1
Let o(r) = 11*r - 15. Let h(m) = -m**3 + 19*m**2 + 148*m + 55. Let u be h(25). Give o(u).
40
Let f(u) = u**3 - 16*u**2 - 18*u - 12. Let a be 246/14 + ((-4)/(-5))/(413/(-295)). Calculate f(a).
-29
Let t(a) be the third derivative of a**4/12 + a**3 + 41*a**2 + 5*a. Determine t(12).
30
Let w = -627 + 628. Let u(j) = -124*j**2 + 225*j**2 - 120*j**2 - j. What is u(w)?
-20
Let i(x) = -x**2 - 6*x - 2. Let p be 5/1 - (7 + -2). Suppose 0 = -2*v - 6 + 14. Suppose 0 = -4*o - v, p = 3*w - 2*o + 3*o + 16. Give i(w).
3
Let m(t) be the second derivative of -7/4*t**4 + 17*t - 1/6*t**3 + 0 + 0*t**2. Suppose 12*y = 5*y - 7. Give m(y).
-20
Let a(n) = -1 + 1 - 1 + 8*n**2 - 27*n + 30*n + 0. Give a(-1).
4
Let x(m) = 5*m + 3. Suppose -2*o + 4*d + 226 = -d, -5*o + 4*d = -548. Let i be 12/(-20) - o/(-30). What is x(i)?
18
Let g(m) = 10*m**2 - 51*m - 226. Let x(l) = 7*l**2 - 34*l - 145. Let f(o) = -5*g(o) + 7*x(o). Give f(22).
5
Let a(p) = -2*p + 1. Let f be a(-3). Let n(u) = 7*u**2 - u - 11. Let z(k) = -13*k**2 - 3*k + 17. Let c(w) = -2*n(w) - z(w). Give c(f).
-9
Let v(p) = 18*p + 77. Let d(u) = 408*u - 4080. Let j be d(10). Determine v(j).
77
Let o(v) = 2*v + 37. Suppose 4*s - w + 181 = 117, 5*w = 0. What is o(s)?
5
Let t = 187507 - 187514. Let r be (2/(-3) - 0)*-12. Let s(f) = -r - 2 + 5*f + 2*f + f**2. Give s(t).
-10
Let r = 3617 + -3621. Let p(q) = q**3 + 4*q**2 - 2*q + 3. Determine p(r).
11
Suppose 19 = -3*w - 2*h, 2*h + 54 = w + 39. Let f(g) = -20*g - 4. Determine f(w).
16
Let m(a) = -2*a**3 + 2*a**2 + 2*a + 1. Let h be m(-1). Let w(r) = -82 + 29 + 26 + 22. Let y(f) = -f + 25. Let g(s) = 10*w(s) + 2*y(s). Calculate g(h).
-6
Suppose -3*t + 10 = -5*t. Let v(f) = 2*f + 11. Let h(o) be the first derivative of o**2 + 10*o + 2. Let l(x) = t*h(x) + 4*v(x). What is l(-7)?
8
Suppose 140 = 98*k - 0 - 56. Let f(i) be the second derivative of 38*i - 4/3*i**3 + 0 - 1/12*i**4 + i**k. Determine f(-9).
-7
Let n(l) = 2*l**2 + 4*l - 6. Suppose 19*d = -5*d - 17*d - 123. What is n(d)?
0
Let p(j) be the second derivative of -122*j + 1/20*j**5 + 0 - 1/6*j**3 + 2*j**2 - 1/4*j**4. Let z = -3 + 6. Determine p(z).
1
Let m(a) = -3*a - 5. Let h(q) = -4*q - 6. Let x(l) = 2*h(l) - 3*m(l). Suppose 6453 = -60*w + 51*w. Let r = w + 713. Determine x(r).
-1
Suppose 0 = -5*z + 2*n + 1465, -1266 + 406 = -3*z + 5*n. Let v = -290 + z. Let k(i) = -i**3 + 4*i**2 + 6*i - 2. Calculate k(v).
3
Let z(j) be the third derivative of 5*j**4/12 + 31*j**3/6 - 1011*j**2. Determine z(-3).
1
Suppose 0 = 2*d + 4*r - 20, 0 = 5*d - 2*d + 4*r - 20. Let t(i) = -4*i + 8. Let c(x) = -x + 2. Let o be 1/3*(6 - 9). Let h(a) = o*t(a) + 3*c(a). Calculate h(d).
-2
Let s(n) = n**2 + 8*n + 1. Let j(x) = -24*x**2 + 598*x + 36. Let a be j(25). Give s(a).
85
Suppose 12*j = 22 + 14. Let k(z) = -z**2 + 0*z**2 + 2*z - 24 + j*z**2 + 23. Give k(-2).
3
Let s(v) = 2*v**2 - v. Let i(a) = -3*a + 24. Let n(x) = x - 12. Let y(g) = 2*i(g) + 5*n(g). Let k be y(-9). Let m be -1 + 4 + -7 - k. Calculate s(m).
3
Let y be 5 + 2*((-78)/12 - -5). Let w(s) = 4*s**2 + 3*s + 10 - 3*s**y - 34 + 14. Determine w(-7).
18
Suppose 16*l = 2*v + 15*l + 33, 3*v = 3*l - 57. Let s(x) = 3*x**2 - 18*x - 7. Let c(r) = 7*r**2 - 37*r - 13. Let k(a) = -4*c(a) + 9*s(a). What is k(v)?
-11
Let c(t) = t - 4*t**2 - 11 + 29 - 19. Suppose 2*h + 0*m = m + 9, 4*h + 2 = -2*m. What is c(h)?
-15
Let x be 4*1 - (-24 - -26). Let n(h) = 84*h + x - 171*h + 82*h. Give n(-1).
7
Suppose 54 + 5 = -2*w - x, 3*x - 15 = 0. Let b = w - -32. Suppose b = -8*q - 2 - 38. Let p(i) = -i**3 - 3*i**2 + 7*i + 2. Calculate p(q).
17
Let a(x) be the second derivative of -x**4/12 + 5*x**3/3 - 13*x**2/2 + 15*